 + 7. Let s be (-238)/(-6) - (-8)/f. What is the highest common factor of t and s?
13
Let h(m) = -m**3 + 7*m**2 + 2*m - 1. Let d be h(7). Suppose -a = 3*a. Let r = a - -52. Calculate the highest common factor of d and r.
13
Let i = -530 - -1366. What is the highest common factor of 152 and i?
76
Let a = 108 - 72. Suppose 17*h = 1394 + 136. Calculate the greatest common divisor of a and h.
18
Suppose 25*o = 26*o - 4. Calculate the highest common factor of 28 and o.
4
Let p be 12/4 + 0 + 0. Let h = p + 9. What is the greatest common divisor of h and 84?
12
Let k(f) = -3*f + 14 - f**3 + 9*f + 6*f - 10*f**2. Let d be k(-11). Suppose -2*u + 3*g = 5*g - 16, -d*g = 12. What is the greatest common divisor of u and 132?
12
Let m(l) = l**3 + 5*l**2 + l - 3. Let f be m(-3). Let x = f + -10. Suppose x*o = -0*o + t + 24, -5*t - 10 = 0. Calculate the greatest common divisor of o and 1.
1
Let u(q) = q**3 - 4*q**2 + 9*q + 8. Let n be u(4). Suppose 2*j + g = 89, -g + 36 = j - 9. Calculate the highest common divisor of j and n.
44
Let j be 1*-20*(-6 - -5). What is the highest common factor of 50 and j?
10
Let r be ((3 - 5) + 3)*-26. Let f = r - -36. Let t(b) = 2*b**2 + 2. Let x be t(-2). What is the highest common divisor of x and f?
10
Let y(t) = -2*t**3 + 138*t**2 - 109*t + 214. Let a be y(68). What is the highest common factor of 82 and a?
82
Suppose 1 = -2*p - 3*y + 4, -2*p + 9 = -3*y. Let u = 18 - -3. What is the highest common divisor of u and p?
3
Let o = -20 - -14. Let p = o - -8. Suppose 0 = -3*c + p*j + 338, j + 4*j = -4*c + 489. What is the greatest common divisor of 29 and c?
29
Let i be (-2)/(-12) + 1673/42. Let y be 592/i - (-1)/5. Suppose -5 = -6*r + 25. What is the highest common divisor of y and r?
5
Suppose -2*g - 26 + 95 = -j, -3*j + 90 = 3*g. Suppose -3*n = 4*c - 38, -2*n - 6 = c - g. What is the highest common factor of 56 and n?
14
Let k = 11 - 11. Let y(p) = -p**3 + p**2 + 24. Let a be y(k). Calculate the greatest common divisor of a and 8.
8
Let n(p) = p**3 - p + 1. Let l be n(3). Calculate the greatest common divisor of l and 10.
5
Suppose 19*z + 3*y = 17*z + 1063, -5*z = -3*y - 2605. Calculate the greatest common factor of z and 4.
4
Let v = -311 + 329. Calculate the greatest common factor of v and 117.
9
Suppose -324 = 3*u + 5*k - 332, 0 = 2*u - k - 14. Suppose -29 - 31 = -2*s. Calculate the greatest common divisor of u and s.
6
Let l be (4/2)/((-6)/(-30)). Let x = -34 - -34. Let p = x - -10. What is the greatest common factor of l and p?
10
Suppose 7*r = -0*r + 70. Suppose -32 = -7*g - g. What is the highest common divisor of r and g?
2
Let w be 12/(-9)*(-45)/10. What is the greatest common factor of 9 and w?
3
Suppose 2*k - 21 = -3*s, k + 4*s = 2*s + 13. Let d(z) = 5*z + 2. Let o be d(k). Suppose 4678*u - 4716*u = -1292. What is the highest common divisor of u and o?
17
Let m be (-16)/(-6)*(-2 - 1). Let p be 522/33 - m/44. Let i be p + -14 - -3*3. Calculate the highest common factor of 77 and i.
11
Let j be (80/(-96) + (-1)/6)*-44. Calculate the highest common divisor of 110 and j.
22
Suppose -1231 + 867 = -14*n. Calculate the greatest common factor of n and 1313.
13
Suppose 5*y + 46 = -29. Let p = y + 80. Let t = p + -36. Calculate the greatest common divisor of t and 87.
29
Let y be 34/((9 - 1)/4). Suppose -4*s + s = -5*x + 416, -70 = -x + 5*s. What is the greatest common divisor of y and x?
17
Let h(y) = -2*y**2 + 2*y + 4. Let v be h(0). Suppose -3*k - 10 = -v*k. Calculate the highest common factor of k and 80.
10
Let t = -4 - -24. Let u(l) = 0*l**2 + 3*l**2 - 2*l**2 - 7 + 4*l. Let x be u(-6). What is the highest common factor of x and t?
5
Suppose 45 - 41 = -c. Let u be (22 + (c - -2))/(4/66). What is the greatest common factor of 30 and u?
30
Suppose 3*r + 2*k + 20 = 45, -2*r + 5 = -k. What is the greatest common factor of r and 65?
5
Suppose -2*x - 2*z = x - 90, 3*x - 5*z = 111. Suppose 2*q - 2*s = x, -4*q - 2*s = -34 - 42. Let j = q - 14. What is the highest common factor of 12 and j?
4
Let s = 147 - 2. Suppose 0 = -2*u + 15 - 5. Suppose u*c - 58 = 4*c. Calculate the highest common divisor of c and s.
29
Suppose 2*a - 70 = m, -71 = m - 0*m - a. Let f = m + 154. Calculate the greatest common factor of f and 41.
41
Suppose 10 = -2*r, 0*r = -k + 2*r + 14. Calculate the highest common divisor of 148 and k.
4
Suppose 0 = 5*u + 2*i - 130, 2*u + 76 = 4*u - 4*i. What is the greatest common divisor of 7 and u?
7
Let p = 59 + -71. Let h be p/20 - 2/5 - -15. Calculate the greatest common divisor of h and 4.
2
Let m(h) = 79*h**2 + 16*h + 28. Let u be m(4). What is the greatest common factor of u and 12?
12
Let j = 795 - 791. Let n(u) = 4*u. Let d be n(3). Calculate the greatest common divisor of j and d.
4
Let b be 5*(1 - (2 - (-38)/(-5))). Let n = 57 - b. Calculate the highest common factor of n and 36.
12
Suppose -4*t - x = -44, -x - 70 = -5*t - 6*x. Let m = t - 4. Calculate the greatest common divisor of 1 and m.
1
Let m = 341 + -265. Calculate the highest common factor of m and 209.
19
Suppose 3*p - 74 + 17 = 0. Let b be (6/3 + -4)/1. Let d(y) = 11*y**2 + 2*y - 2. Let s be d(b). Calculate the highest common factor of p and s.
19
Suppose -m = -3*d + 250, -336 = -d - 3*d + 2*m. Calculate the greatest common factor of d and 738.
82
Suppose -14*x = -9*x - b - 2330, 4*x - 1850 = -2*b. Calculate the highest common divisor of 30 and x.
15
Suppose -3*p - 13 = 8. Let a be (11 + p)*(0 + 1). What is the greatest common divisor of a and 4?
4
Suppose 3*w + 0 = 6. Suppose -4*u = 13*u - 833. Suppose 9*h = 113 + u. What is the highest common factor of h and w?
2
Let j = 11 + -14. Let s = j - -4. Suppose 4*z - n = 3 + s, 0 = 2*n. Calculate the greatest common factor of z and 7.
1
Suppose 181*g - 13760 = 201*g. Let s = 1 - -2. Let b be g/(-48) + 5/s. What is the highest common divisor of 4 and b?
4
Suppose -5*p + 2011 = -1629. What is the greatest common factor of p and 13?
13
Let q(z) = 3*z - 1 + 31 + 2*z - 6*z. Let b be q(17). Calculate the highest common factor of b and 52.
13
Let c be (0 - 2)/((-7)/14). Let l(o) = o**3 - 5*o**2 + 3*o + 4. Let x be l(c). Let b be x/(-2) + -1 + 10. Calculate the greatest common factor of b and 63.
9
Let l(c) = 2 + 5*c**2 - 3*c**2 + 6*c - c**2. Let p be l(-6). Suppose 0 = -3*i - p*a - 1, -3 = -i + 4*a + 6. Calculate the greatest common factor of i and 5.
1
Let p = -3 - -219. Suppose -5*t + p = 11. What is the highest common divisor of t and 41?
41
Let s be ((-48)/(-14))/(350/49 - 7). Let v be ((-270)/3)/(s/(-16)). Let d(p) = 9*p**2 + 1. Let m be d(1). Calculate the highest common factor of m and v.
10
Let b = -3 - -10. Suppose -z + 1 + b = c, -z + 11 = 2*c. Suppose -z*j - l + 83 = 0, 5*l - 1 = -11. What is the greatest common divisor of 34 and j?
17
Let m = -22 - -24. What is the highest common divisor of m and 2?
2
Let x be (2/(-4))/((-19)/1938). Calculate the greatest common factor of x and 459.
51
Let p(s) = s + 32. Let y be p(6). What is the greatest common factor of y and 95?
19
Let s(u) = -u**3 + u**2 - 3*u + 17. Let i be s(-5). What is the greatest common divisor of 14 and i?
14
Suppose -24*q - 250 = -29*q. What is the highest common divisor of q and 80?
10
Let f = 1665 + -1662. What is the greatest common divisor of f and 87?
3
Let w(f) = 2*f**3 + 6*f**2 - 8*f + 7. Let m be (0 + 1)*(-6 + (-36)/(-4)). Let g be w(m). Calculate the greatest common divisor of g and 7.
7
Suppose -5*g - 4*d = -26, 25 = 8*g - 3*g + 5*d. Let o be (-4)/(3/((-9)/g)). Let x be (-2)/(-4)*4*5. Calculate the highest common factor of o and x.
2
Suppose -52 = 3*j - 187. Let m = j + -29. What is the greatest common factor of m and 8?
8
Let p(u) = -u**3 - 6*u**2 - 2*u + 1. Let n be p(-4). Let d = n - -28. What is the greatest common divisor of d and 40?
5
Suppose 0 = -4*l + 26 + 50. Suppose -l = -3*g + 11. Suppose -4*v - g = -9*v, c = -5*v + 31. What is the greatest common divisor of 42 and c?
21
Let r(l) = l**2 - 24*l - 2. Let f(a) = -a**2 + 22*a + 3. Let k(h) = -6*f(h) - 5*r(h). Let i be k(17). What is the greatest common divisor of 33 and i?
11
Suppose -175*t = -183*t + 128. Calculate the greatest common divisor of 16 and t.
16
Let p be (4 + 45/(-10))*-20. Suppose -p = -b - b. Let a = 6 - 1. Calculate the greatest common factor of b an